{"id":1536,"date":"2021-05-10T17:05:53","date_gmt":"2021-05-10T15:05:53","guid":{"rendered":"http:\/\/job4miouest.fr\/?page_id=1536"},"modified":"2021-12-09T06:59:38","modified_gmt":"2021-12-09T05:59:38","slug":"renouvellement-attestation-asile","status":"publish","type":"page","link":"http:\/\/job4miouest.fr\/index.php\/droit-embauche\/renouvellement-attestation-asile\/","title":{"rendered":"Renouvellement de l&rsquo;attestation d&rsquo;asile"},"content":{"rendered":"<div class=\"vce-row-container\"><div class=\"vce-row vce-row--xl--has-col-background vce-row--lg--has-col-background vce-row--md--has-col-background vce-row--sm--has-col-background vce-row--xs--has-col-background vce-element--has-background vce-row--col-gap-30 intro-h1 vce-row-equal-height vce-row-content--top\" data-vce-full-width=\"true\" data-vce-stretch-content=\"true\" id=\"el-ce5b517e\" data-vce-do-apply=\"all el-ce5b517e\"><div class=\"vce-content-background-container\"><\/div><div class=\"vce-row-content\" data-vce-element-content=\"true\"><div class=\"vce-col vce-element--xl--has-background vce-element--lg--has-background vce-element--md--has-background vce-element--sm--has-background vce-element--xs--has-background vce-col--xs-100p vce-col--xs-visible vce-col--xs-last vce-col--xs-first vce-col--sm-100p vce-col--sm-visible vce-col--sm-last vce-col--sm-first vce-col--md-100p vce-col--md-visible vce-col--md-last vce-col--md-first vce-col--lg-100p vce-col--lg-visible vce-col--lg-last vce-col--lg-first vce-col--xl-72-22p vce-col--xl-visible vce-col--xl-first\" id=\"el-3bff5434\"><div class=\"vce-col-inner\" data-vce-do-apply=\"border margin background  el-3bff5434\"><div class=\"vce-content-background-container\"><div class=\"vce-asset-background-simple-container vce-visible-xl-only vce-asset-background-simple--style-no-repeat vce-asset-background-simple--position-left-top\"><div class=\"vce-asset-background-simple\"><div class=\"vce-asset-background-simple-item\" style=\"background-image: url('http:\/\/job4miouest.fr\/wp-content\/uploads\/2020\/11\/JOB4mi-association-element-graph-6.png');\"><\/div><\/div><\/div><div class=\"vce-asset-background-simple-container vce-visible-lg-only vce-asset-background-simple--style-no-repeat vce-asset-background-simple--position-left-top\"><div class=\"vce-asset-background-simple\"><div class=\"vce-asset-background-simple-item\" style=\"background-image: url('http:\/\/job4miouest.fr\/wp-content\/uploads\/2020\/11\/JOB4mi-association-element-graph-6.png');\"><\/div><\/div><\/div><div class=\"vce-asset-background-simple-container vce-visible-md-only vce-asset-background-simple--style-no-repeat vce-asset-background-simple--position-left-top\"><div class=\"vce-asset-background-simple\"><div class=\"vce-asset-background-simple-item\" style=\"background-image: url('http:\/\/job4miouest.fr\/wp-content\/uploads\/2020\/11\/JOB4mi-association-element-graph-6.png');\"><\/div><\/div><\/div><div class=\"vce-asset-background-simple-container vce-visible-sm-only vce-asset-background-simple--style-no-repeat vce-asset-background-simple--position-left-top\"><div class=\"vce-asset-background-simple\"><div class=\"vce-asset-background-simple-item\" style=\"background-image: url('http:\/\/job4miouest.fr\/wp-content\/uploads\/2020\/11\/JOB4mi-association-element-graph-6.png');\"><\/div><\/div><\/div><div class=\"vce-asset-background-simple-container vce-visible-xs-only vce-asset-background-simple--style-no-repeat vce-asset-background-simple--position-left-top\"><div class=\"vce-asset-background-simple\"><div class=\"vce-asset-background-simple-item\" style=\"background-image: url('http:\/\/job4miouest.fr\/wp-content\/uploads\/2020\/11\/JOB4mi-association-element-graph-6.png');\"><\/div><\/div><\/div><\/div><div class=\"vce-col-content\" data-vce-element-content=\"true\" data-vce-do-apply=\"padding el-3bff5434\"><div class=\"vce-text-block\"><div class=\"vce-text-block-wrapper vce\" id=\"el-a86889b1\" data-vce-do-apply=\"all el-a86889b1\"><h1 style=\"text-align: center;\">Le renouvellement de l'attestation d'asile<\/h1><\/div><\/div><div class=\"vce vce-separator-container vce-separator--align-center vce-separator--style-solid\" id=\"el-153bbddc\" data-vce-do-apply=\"margin el-153bbddc\"><div class=\"vce-separator vce-separator--color-b-58-80-141 vce-separator--width-14 vce-separator--thickness-4\" data-vce-do-apply=\"border padding background  el-153bbddc\"><\/div><\/div><\/div><\/div><\/div><div class=\"vce-col vce-col--xs-100p vce-col--xs-visible vce-col--xs-last vce-col--xs-first vce-col--sm-100p vce-col--sm-visible vce-col--sm-last vce-col--sm-first vce-col--md-100p vce-col--md-visible vce-col--md-last vce-col--md-first vce-col--lg-100p vce-col--lg-visible vce-col--lg-last vce-col--lg-first vce-col--xl-27-75p vce-col--xl-visible vce-col--xl-last\" id=\"el-cd6ef016\"><div class=\"vce-col-inner\" data-vce-do-apply=\"border margin background  el-cd6ef016\"><div class=\"vce-content-background-container\"><\/div><div class=\"vce-col-content\" data-vce-element-content=\"true\" data-vce-do-apply=\"padding el-cd6ef016\"><\/div><\/div><\/div><\/div><\/div><\/div><div class=\"vce-row-container\" data-vce-boxed-width=\"true\"><div class=\"vce-row vce-row--col-gap-30 content-page yellow vce-row-equal-height vce-row-content--top vcv-state--show-resizer\" id=\"el-8f7ef475\" data-vce-do-apply=\"all el-8f7ef475\"><div class=\"vce-content-background-container\"><\/div><div class=\"vce-row-content\" data-vce-element-content=\"true\"><div class=\"vce-col vce-col--md-auto vce-col--xs-1 vce-col--xs-last vce-col--xs-first vce-col--sm-last vce-col--sm-first vce-col--md-last vce-col--lg-last vce-col--xl-last vce-col--md-first vce-col--lg-first vce-col--xl-first\" id=\"el-a52979c3\"><div class=\"vce-col-inner\" data-vce-do-apply=\"border margin background  el-a52979c3\"><div class=\"vce-col-content\" data-vce-element-content=\"true\" data-vce-do-apply=\"padding el-a52979c3\"><div class=\"vce-row-container\" data-vce-boxed-width=\"true\"><div class=\"vce-row vce-row--col-gap-30 vce-row-equal-height vce-row-content--top\" id=\"el-40f85bc4\" data-vce-do-apply=\"all el-40f85bc4\"><div class=\"vce-row-content\" data-vce-element-content=\"true\"><div class=\"vce-col vce-col--md-66-66p vce-col--xs-1 vce-col--xs-last vce-col--xs-first vce-col--sm-last vce-col--sm-first vce-col--md-first vce-col--lg-first vce-col--xl-first\" id=\"el-85819e9d\"><div class=\"vce-col-inner\" data-vce-do-apply=\"border margin background  el-85819e9d\"><div class=\"vce-col-content\" data-vce-element-content=\"true\" data-vce-do-apply=\"padding el-85819e9d\"><div class=\"vce-text-block\"><div class=\"vce-text-block-wrapper vce\" id=\"el-884b6ebd\" data-vce-do-apply=\"all el-884b6ebd\"><p>Pour acc\u00e9der au travail, il faut une attestation \u00e0 jour sachant qu\u2019une attestation renouvel\u00e9e a une dur\u00e9e de 6 mois. Le renouvellement ne se fait plus que par voie postale ou \u00e9lectronique. Actuellement, <u>le d\u00e9lai est d\u2019au moins un mois<\/u> et de nombreux DA se trouvent d\u00e9munis lorsqu\u2019ils se trouvent sans nouvelle de la pr\u00e9fecture et qu\u2019ils ont une proposition d\u2019emploi mais aussi lorsque leur CMU ou leur titre de transport n\u2019est plus valable.<\/p><p>Voici les conseils \u00e0 suivre pour renouveler une attestation d\u2019asile&nbsp;:<\/p><ul><li>Vous devez transmettre votre demande de renouvellement d\u2019attestation <strong>par voie postale<\/strong> (Pr\u00e9fecture de Loire-Atlantique, DMI, Bureau de l'asile\/ADA<\/li><\/ul><p>6 quai Ceineray, BP 33515, 44035 Nantes cedex <strong><u>ou<\/u> par mail<\/strong> (<a href=\"mailto:pref-asile@loire-atlantique.gouv.fr\">pref-asile@loire-atlantique.gouv.fr<\/a> ) en y joignant les pi\u00e8ces suivantes <u>uniquement en format PDF<\/u> :<\/p><ul><li>la copie de l'attestation d\u2019asile,<\/li><li>la copie de la lettre d'enregistrement <a href=\"https:\/\/www.loire-atlantique.gouv.fr\/Outils\/Glossaire\/(namefilter)\/OFPRA\">OFPRA<\/a>, CNDA ou aide juridictionnelle (sauf proc\u00e9dure Dublin)<\/li><li>la copie de l\u2019attestation de domiciliation <u>recto-verso<\/u> en cours de validit\u00e9.<\/li><\/ul><p><strong>Les demandes <u>incompl\u00e8tes<\/u> ne seront ni trait\u00e9es, ni conserv\u00e9es.<\/strong><\/p><p><strong>Transmettre la demande plusieurs semaines avant l\u2019\u00e9ch\u00e9ance et en cas de retard de la pr\u00e9fecture, relancez avant l\u2019\u00e9ch\u00e9ance par mail \u00e0&nbsp;:<\/strong><\/p><p><a href=\"mailto:charlotte.marty@loire-atlantique.gouv.fr\">charlotte.marty@loire-atlantique.gouv.fr<\/a><\/p><p><a href=\"mailto:cecile.pacor@loire-atlantique.gouv.fr\">pref-asile@loire-atlantique.gouv.fr<\/a><\/p><p>Mise \u00e0 jour le 10 mai 2021<\/p><\/div><\/div><\/div><\/div><\/div><div class=\"vce-col vce-col--md-33-34p vce-col--xs-1 vce-col--xs-last vce-col--xs-first vce-col--sm-last vce-col--sm-first vce-col--md-last vce-col--lg-last vce-col--xl-last\" id=\"el-d38b6ac6\"><div class=\"vce-col-inner\" data-vce-do-apply=\"border margin background  el-d38b6ac6\"><div class=\"vce-content-background-container\"><\/div><div class=\"vce-col-content\" data-vce-element-content=\"true\" data-vce-do-apply=\"padding el-d38b6ac6\"><div class=\"vce vce-separator-container vce-separator--align-right vce-separator--style-solid\" id=\"el-567be008\" data-vce-do-apply=\"margin el-567be008\"><div class=\"vce-separator vce-separator--color-b-246-182-12 vce-separator--width-40 vce-separator--thickness-4\" data-vce-do-apply=\"border padding background  el-567be008\"><\/div><\/div><div class=\"vce-text-block\"><div class=\"vce-text-block-wrapper vce\" id=\"el-b12afaa4\" data-vce-do-apply=\"all el-b12afaa4\"><p>En cas de relance, v\u00e9rifiez que l\u2019attestation de la domiciliation d\u00e9livr\u00e9e par FTDA ou votre h\u00e9bergeur est bien \u00e0 jour et REMETTEZ les trois pi\u00e8ces en pj, et pas uniquement le document qui aurait fait d\u00e9faut ou qui aurait \u00e9t\u00e9 incomplet au premier envoi.<\/p><\/div><\/div><\/div><\/div><\/div><\/div><\/div><\/div><\/div><\/div><\/div><\/div><\/div><\/div>\n","protected":false},"excerpt":{"rendered":"<p>Le renouvellement de l&rsquo;attestation d&rsquo;asilePour acc\u00e9der au travail, il faut une attestation \u00e0 jour sachant qu\u2019une attestation renouvel\u00e9e a une dur\u00e9e de 6 mois. Le&hellip;<\/p>\n","protected":false},"author":5,"featured_media":0,"parent":699,"menu_order":0,"comment_status":"closed","ping_status":"closed","template":"","meta":{"footnotes":""},"class_list":["post-1536","page","type-page","status-publish","hentry"],"yoast_head":"<!-- This site is optimized with the Yoast SEO plugin v24.9 - https:\/\/yoast.com\/wordpress\/plugins\/seo\/ -->\n<title>Renouvellement de l&#039;attestation d&#039;asile - Job4mi Ouest<\/title>\n<meta name=\"description\" content=\"Comment faire la demande de renouvellement de l&#039;attestation d&#039;asile\" \/>\n<meta name=\"robots\" content=\"index, follow, max-snippet:-1, max-image-preview:large, max-video-preview:-1\" \/>\n<link rel=\"canonical\" href=\"http:\/\/job4miouest.fr\/index.php\/droit-embauche\/renouvellement-attestation-asile\/\" \/>\n<meta property=\"og:locale\" content=\"fr_FR\" \/>\n<meta property=\"og:type\" content=\"article\" \/>\n<meta property=\"og:title\" content=\"Renouvellement de l&#039;attestation d&#039;asile - Job4mi Ouest\" \/>\n<meta property=\"og:description\" content=\"Comment faire la demande de renouvellement de l&#039;attestation d&#039;asile\" \/>\n<meta property=\"og:url\" content=\"http:\/\/job4miouest.fr\/index.php\/droit-embauche\/renouvellement-attestation-asile\/\" \/>\n<meta property=\"og:site_name\" content=\"Job4mi Ouest\" \/>\n<meta property=\"article:modified_time\" content=\"2021-12-09T05:59:38+00:00\" \/>\n<meta name=\"twitter:card\" content=\"summary_large_image\" \/>\n<meta name=\"twitter:label1\" content=\"Dur\u00e9e de lecture estim\u00e9e\" \/>\n\t<meta name=\"twitter:data1\" content=\"1 minute\" \/>\n<script type=\"application\/ld+json\" class=\"yoast-schema-graph\">{\"@context\":\"https:\/\/schema.org\",\"@graph\":[{\"@type\":\"WebPage\",\"@id\":\"http:\/\/job4miouest.fr\/index.php\/droit-embauche\/renouvellement-attestation-asile\/\",\"url\":\"http:\/\/job4miouest.fr\/index.php\/droit-embauche\/renouvellement-attestation-asile\/\",\"name\":\"Renouvellement de l'attestation d'asile - Job4mi Ouest\",\"isPartOf\":{\"@id\":\"http:\/\/job4miouest.fr\/#website\"},\"datePublished\":\"2021-05-10T15:05:53+00:00\",\"dateModified\":\"2021-12-09T05:59:38+00:00\",\"description\":\"Comment faire la demande de renouvellement de l'attestation d'asile\",\"breadcrumb\":{\"@id\":\"http:\/\/job4miouest.fr\/index.php\/droit-embauche\/renouvellement-attestation-asile\/#breadcrumb\"},\"inLanguage\":\"fr-FR\",\"potentialAction\":[{\"@type\":\"ReadAction\",\"target\":[\"http:\/\/job4miouest.fr\/index.php\/droit-embauche\/renouvellement-attestation-asile\/\"]}]},{\"@type\":\"BreadcrumbList\",\"@id\":\"http:\/\/job4miouest.fr\/index.php\/droit-embauche\/renouvellement-attestation-asile\/#breadcrumb\",\"itemListElement\":[{\"@type\":\"ListItem\",\"position\":1,\"name\":\"Accueil\",\"item\":\"http:\/\/job4miouest.fr\/\"},{\"@type\":\"ListItem\",\"position\":2,\"name\":\"L&#8217;emploi Droit \u00e0 l&#8217;embauche\",\"item\":\"https:\/\/job4miouest.fr\/index.php\/droit-embauche\/\"},{\"@type\":\"ListItem\",\"position\":3,\"name\":\"Renouvellement de l&rsquo;attestation d&rsquo;asile\"}]},{\"@type\":\"WebSite\",\"@id\":\"http:\/\/job4miouest.fr\/#website\",\"url\":\"http:\/\/job4miouest.fr\/\",\"name\":\"Job4mi Ouest\",\"description\":\"Ensemble, parcourons les chemins de l\u2019int\u00e9gration par l\u2019emploi\",\"potentialAction\":[{\"@type\":\"SearchAction\",\"target\":{\"@type\":\"EntryPoint\",\"urlTemplate\":\"http:\/\/job4miouest.fr\/?s={search_term_string}\"},\"query-input\":{\"@type\":\"PropertyValueSpecification\",\"valueRequired\":true,\"valueName\":\"search_term_string\"}}],\"inLanguage\":\"fr-FR\"}]}<\/script>\n<!-- \/ Yoast SEO plugin. -->","yoast_head_json":{"title":"Renouvellement de l'attestation d'asile - Job4mi Ouest","description":"Comment faire la demande de renouvellement de l'attestation d'asile","robots":{"index":"index","follow":"follow","max-snippet":"max-snippet:-1","max-image-preview":"max-image-preview:large","max-video-preview":"max-video-preview:-1"},"canonical":"http:\/\/job4miouest.fr\/index.php\/droit-embauche\/renouvellement-attestation-asile\/","og_locale":"fr_FR","og_type":"article","og_title":"Renouvellement de l'attestation d'asile - Job4mi Ouest","og_description":"Comment faire la demande de renouvellement de l'attestation d'asile","og_url":"http:\/\/job4miouest.fr\/index.php\/droit-embauche\/renouvellement-attestation-asile\/","og_site_name":"Job4mi Ouest","article_modified_time":"2021-12-09T05:59:38+00:00","twitter_card":"summary_large_image","twitter_misc":{"Dur\u00e9e de lecture estim\u00e9e":"1 minute"},"schema":{"@context":"https:\/\/schema.org","@graph":[{"@type":"WebPage","@id":"http:\/\/job4miouest.fr\/index.php\/droit-embauche\/renouvellement-attestation-asile\/","url":"http:\/\/job4miouest.fr\/index.php\/droit-embauche\/renouvellement-attestation-asile\/","name":"Renouvellement de l'attestation d'asile - Job4mi Ouest","isPartOf":{"@id":"http:\/\/job4miouest.fr\/#website"},"datePublished":"2021-05-10T15:05:53+00:00","dateModified":"2021-12-09T05:59:38+00:00","description":"Comment faire la demande de renouvellement de l'attestation d'asile","breadcrumb":{"@id":"http:\/\/job4miouest.fr\/index.php\/droit-embauche\/renouvellement-attestation-asile\/#breadcrumb"},"inLanguage":"fr-FR","potentialAction":[{"@type":"ReadAction","target":["http:\/\/job4miouest.fr\/index.php\/droit-embauche\/renouvellement-attestation-asile\/"]}]},{"@type":"BreadcrumbList","@id":"http:\/\/job4miouest.fr\/index.php\/droit-embauche\/renouvellement-attestation-asile\/#breadcrumb","itemListElement":[{"@type":"ListItem","position":1,"name":"Accueil","item":"http:\/\/job4miouest.fr\/"},{"@type":"ListItem","position":2,"name":"L&#8217;emploi Droit \u00e0 l&#8217;embauche","item":"https:\/\/job4miouest.fr\/index.php\/droit-embauche\/"},{"@type":"ListItem","position":3,"name":"Renouvellement de l&rsquo;attestation d&rsquo;asile"}]},{"@type":"WebSite","@id":"http:\/\/job4miouest.fr\/#website","url":"http:\/\/job4miouest.fr\/","name":"Job4mi Ouest","description":"Ensemble, parcourons les chemins de l\u2019int\u00e9gration par l\u2019emploi","potentialAction":[{"@type":"SearchAction","target":{"@type":"EntryPoint","urlTemplate":"http:\/\/job4miouest.fr\/?s={search_term_string}"},"query-input":{"@type":"PropertyValueSpecification","valueRequired":true,"valueName":"search_term_string"}}],"inLanguage":"fr-FR"}]}},"rttpg_featured_image_url":null,"rttpg_author":{"display_name":"Arnaud Ducrest","author_link":"http:\/\/job4miouest.fr\/index.php\/author\/aducrest\/"},"rttpg_comment":0,"rttpg_category":null,"rttpg_excerpt":"Le renouvellement de l'attestation d'asilePour acc\u00e9der au travail, il faut une attestation \u00e0 jour sachant qu\u2019une attestation renouvel\u00e9e a une dur\u00e9e de 6 mois. Le&hellip;","_links":{"self":[{"href":"http:\/\/job4miouest.fr\/index.php\/wp-json\/wp\/v2\/pages\/1536","targetHints":{"allow":["GET"]}}],"collection":[{"href":"http:\/\/job4miouest.fr\/index.php\/wp-json\/wp\/v2\/pages"}],"about":[{"href":"http:\/\/job4miouest.fr\/index.php\/wp-json\/wp\/v2\/types\/page"}],"author":[{"embeddable":true,"href":"http:\/\/job4miouest.fr\/index.php\/wp-json\/wp\/v2\/users\/5"}],"replies":[{"embeddable":true,"href":"http:\/\/job4miouest.fr\/index.php\/wp-json\/wp\/v2\/comments?post=1536"}],"version-history":[{"count":4,"href":"http:\/\/job4miouest.fr\/index.php\/wp-json\/wp\/v2\/pages\/1536\/revisions"}],"predecessor-version":[{"id":1637,"href":"http:\/\/job4miouest.fr\/index.php\/wp-json\/wp\/v2\/pages\/1536\/revisions\/1637"}],"up":[{"embeddable":true,"href":"http:\/\/job4miouest.fr\/index.php\/wp-json\/wp\/v2\/pages\/699"}],"wp:attachment":[{"href":"http:\/\/job4miouest.fr\/index.php\/wp-json\/wp\/v2\/media?parent=1536"}],"curies":[{"name":"wp","href":"https:\/\/api.w.org\/{rel}","templated":true}]}}